e q/6*(-198)/(-12). What is the greatest common factor of 2 and a?
2
Suppose 8 = 2*t - 6. Let l(f) = f**2 - 6*f - 4. Let x be l(7). Suppose 0 = 3*g - 3*y - 12, -x*g + 4*y = -g - 2. What is the greatest common factor of t and g?
7
Let g be 3*(1 + 0)*(-94)/(-6). What is the greatest common factor of g and 94?
47
Let f = 10 - -6. Let j(o) = o**2 + 4*o + 5. Let b be j(-4). Suppose -b*q + 3*q = -f. Calculate the greatest common factor of q and 4.
4
Let y = 16 - -21. Suppose -3*z + s + y = 0, 3*z - 30 - 9 = 3*s. Calculate the highest common divisor of z and 2.
2
Suppose 127 = n + 46. What is the highest common factor of 18 and n?
9
Let w = 16 + -15. Calculate the highest common factor of w and 5.
1
Let u be ((-7)/3)/(2/6). Let b = 10 + u. Suppose -m - 3 = 0, 0*y - b*m = -y + 100. What is the greatest common factor of 13 and y?
13
Let m = -13 - -17. Suppose -25 + 0 = 5*w, 3*g - m*w = 83. What is the highest common factor of 42 and g?
21
Suppose 2*q + d - 60 = -2*d, -107 = -3*q + 4*d. What is the highest common divisor of q and 22?
11
Let b(i) = -5*i**2 - 8*i + 17. Let g(d) = d**2 - 1. Let j(q) = -b(q) - 4*g(q). Let v be j(-11). Calculate the highest common divisor of 8 and v.
4
Let d = -5 - -11. Let m = -3 - -9. Suppose 2*u = 8 - m. Calculate the highest common divisor of u and d.
1
Suppose 2 + 0 = 3*j + 2*a, 4*a + 8 = -3*j. What is the greatest common factor of 52 and j?
4
Let m be 0 + 0 + (-6 - -2). Let c(t) = t**2 + 3*t + 6. Let z be c(m). Calculate the highest common divisor of z and 25.
5
Let h be (8/2)/(4/2). Suppose -11 = -f + 4*k, h*f - 4*k = -7*k. Let i = f - -7. Calculate the highest common divisor of i and 25.
5
Let w be ((-3)/4)/(1/12). Let i(d) = d**2 + 7*d - 13. Let k be i(w). What is the highest common divisor of k and 50?
5
Let w(l) be the second derivative of 2*l**3 - 5*l**2/2 + l. Let r be w(4). Suppose 2*a - r = -19. Calculate the highest common factor of a and 4.
4
Let l = 4 + -1. Suppose 0 = 6*b - 99 + 9. What is the greatest common divisor of b and l?
3
Let u be 10 - ((-5 - 1) + 4). What is the greatest common divisor of u and 6?
6
Let m = 3 - 3. Suppose m*q - 11 = -q. What is the greatest common factor of q and 121?
11
Let z = -5 + 7. Suppose 3*o + 2*l = 12, -2*o + 8 = -0*l + z*l. Suppose a = 2*a - 4. What is the greatest common factor of a and o?
4
Let v(u) = 11*u**2 + 2*u + 1. Let w be v(-1). Suppose -56 - w = -3*g. Let o = -260 - -370. Calculate the highest common factor of g and o.
22
Suppose 0*v = -2*v - l + 7, -4*v - 4*l = -12. Let x = v + 14. Calculate the highest common divisor of 90 and x.
18
Let m be (-3)/(-2)*2 - -1. Let z = m - -1. What is the greatest common divisor of 10 and z?
5
Let x(q) = 9*q + 2 + 7 + 0*q. Let v be x(7). Calculate the greatest common divisor of 9 and v.
9
Suppose -b = -r + 63, 0*b + 3*b = -3*r + 165. Let v = 136 - r. What is the highest common factor of 11 and v?
11
Let f = -7 - -11. Suppose f*j - 56 = 64. Let v(u) = -6*u - 4. Let w be v(-4). What is the greatest common factor of j and w?
10
Suppose -2*r = -5*r + 603. Suppose -946 + r = -5*s. Let k = s + -45. What is the greatest common divisor of k and 13?
13
Suppose 94 = h + 5*q - 0*q, -90 = -h - 3*q. Suppose -7*c + h = -3*c. What is the greatest common factor of 21 and c?
21
Let o be 22/(-11)*(-1 + 0). Calculate the greatest common factor of o and 4.
2
Suppose -3*f + 4*a = -212, 2*f + 3*a = -2*a + 149. What is the greatest common divisor of 8 and f?
8
Let y(f) = -7*f - 1. Let d be (-22)/18 + (-6)/(-27). Let n be y(d). Suppose -b - 4*j = 2*b + 2, 5*j + 37 = 2*b. What is the greatest common factor of b and n?
6
Let c be 2 + 1 + (1 - 0). Suppose -c*d = -2*d + 2. Let k(x) = -5*x**3. Let r be k(d). Calculate the greatest common divisor of 55 and r.
5
Suppose -2*m + 1 = -41. Let t = 48 - m. Calculate the highest common divisor of t and 18.
9
Let y = -9 - -22. Suppose -2*o + 14 = -0*o. Let q = o + y. Calculate the greatest common divisor of 20 and q.
20
Let m(a) = 43*a**2 + 2*a. Let p be m(1). Calculate the greatest common factor of 9 and p.
9
Suppose u + 3*k - 276 = -2*u, 392 = 4*u - 2*k. What is the highest common divisor of 12 and u?
12
Let q = 33 - 17. Suppose -q = -3*x + x. Calculate the greatest common factor of x and 8.
8
Let y(f) = -13*f**2 + 4*f**3 + 2*f - 4*f**3 - 6 + 9*f**2 - f**3. Let b be y(-5). What is the highest common factor of b and 27?
9
Suppose 0 = -r + 5*u + 113, 7*u + 93 = r + 6*u. Suppose -4*a + 3*l + 32 = 0, 0 = 2*a - 3*l - 13 - 3. What is the highest common factor of a and r?
8
Let y be 2/(-6) + (-8)/(-6). Let g be ((-6)/(-6) + 0)*2. Calculate the greatest common factor of g and y.
1
Let s = 116 + 26. Let n be ((-32)/12)/(1/(-27)). Let h = s - n. Calculate the highest common divisor of 14 and h.
14
Suppose -6*h = -0*h - 174. Calculate the greatest common factor of 29 and h.
29
Let z be ((-3)/2)/((-4)/8). Calculate the greatest common divisor of z and 6.
3
Suppose 0*f - 2*f = j - 148, -5*f = -j - 377. What is the greatest common factor of f and 30?
15
Let r(s) = 29*s - 16. Let v be r(4). Calculate the highest common factor of v and 25.
25
Let o = -7 - -9. Suppose -x + o + 38 = 0. What is the greatest common divisor of 8 and x?
8
Let j = -11 + 20. Let t(g) = g**2 - 13*g + 66. Let b be t(12). What is the greatest common factor of b and j?
9
Suppose 0 = 98*m - 104*m + 84. What is the highest common divisor of 112 and m?
14
Let s(n) = -n + 8. Let d be s(3). What is the highest common factor of d and 10?
5
Suppose -5*n - 4*a = -151, -a - 3*a - 38 = -2*n. Let x(m) = -3*m - 1. Let j be x(4). Let t = n + j. What is the greatest common divisor of 14 and t?
14
Suppose 121 = 3*t - 86. Suppose -3*i + 11 = -4*h - 70, h + 26 = i. Calculate the highest common factor of t and i.
23
Let j be (45/36)/(2/32). Calculate the highest common divisor of j and 40.
20
Suppose 4*d = 3*z - 47, -4*z = -9*z - 4*d + 25. Suppose 0 = 4*m - 4*p - 132, -4*p + 0*p + 156 = 4*m. What is the highest common divisor of z and m?
9
Let c(h) = h**2 + 3*h - 4. Let j be c(2). What is the highest common factor of j and 60?
6
Let r(u) be the third derivative of -5*u**4/24 - 2*u**3/3 - 2*u**2. Let b be r(6). Let l = -10 - b. What is the highest common factor of l and 36?
12
Let p(x) = -x**2 + 5*x - 1. Let b be p(4). Let n be 135/1 + -1 + 3. Suppose 0*c = 5*c + r - n, 2*r + 77 = b*c. Calculate the greatest common divisor of c and 9.
9
Let d(u) = 2*u**2 - 6*u - 5. Let h be d(5). Suppose 4 = -2*z, 5*n - z - 7 = h. What is the highest common divisor of n and 2?
2
Let m(c) = 3*c**3 + 6*c**2 - 4*c + 6. Let r be m(4). Let l be (-12)/(-30) - r/(-5). What is the highest common factor of 8 and l?
8
Suppose 16 = -4*d + 4*s, -4*d - 2*s + 7 = -7*d. Let r be -2*-2*(-9)/(-12). What is the greatest common factor of d and r?
1
Suppose -3*m - 175 = 5*s, -110 = -5*m - 4*s - 419. Let k be 1 + 1 + m/(-5). Calculate the highest common divisor of 5 and k.
5
Let v = 144 + -69. Calculate the highest common factor of 15 and v.
15
Let j = 2 - -7. Suppose -108 = 14*d - 17*d. What is the highest common factor of j and d?
9
Let a(g) = -5*g - 3. Let v be a(-4). Suppose 2*r - 1 - v = -2*l, l = 4*r - 11. What is the highest common factor of r and 10?
2
Let p(l) = -4 + 4*l**2 + l**3 + 0*l**2 - l**2 - 2*l. Let h be p(-3). Suppose -2*c = -4*n + 98, -h*c - 1 = 1. What is the greatest common divisor of 36 and n?
12
Let u be 3/5 - 257/(-5). Suppose -3*t + u = t. Suppose -20 = -5*j, -3*j - 30 = -g + 49. What is the greatest common factor of g and t?
13
Let a(c) = -c + 8. Let y be a(7). Let k be (y + -2)*1*-2. Let u be -4*(1 + -2) + k. Calculate the greatest common factor of u and 42.
6
Suppose 3*y = -2*z + 9, -2*y = z - 4 - 2. Let g be 33*((-40)/(-12) - y). Calculate the highest common divisor of g and 55.
11
Suppose 1137 + 23 = 5*c. Calculate the highest common divisor of c and 29.
29
Suppose -t + 6 = 2. Suppose 2*r - t*d + 3*d = -1, 5*r = d - 1. Suppose r = -3*y + w + 15, w - 21 = -3*y - 0*w. Calculate the highest common factor of y and 12.
6
Let z(a) = 14*a**3 + a**2 + 1. Let l be z(2). What is the greatest common factor of 13 and l?
13
Let y(s) = 8*s**2. Let x = -3 + 2. Let f be y(x). Suppose -2*a = -16 - f. What is the greatest common divisor of 30 and a?
6
Let x be 90/(-2)*(-1 + 0). Let w = x + -23. C